ctor of t and 30.
15
Suppose 25 = 2*f - 2*r - 1, 2*r = 10. Let j be (-4)/(((-84)/9)/7). Let a be 636/36 - (-1)/j. What is the highest common divisor of a and f?
18
Let p(z) be the first derivative of -3*z - 3 - 3/2*z**2. Let j be p(-2). What is the highest common factor of j and 3?
3
Let v(w) = w**3 + 4*w**2 + 5. Let b be v(-4). Let z = b + 1. Suppose 2*o - p = 130, 0*o + 2*p + 62 = o. What is the greatest common factor of o and z?
6
Let n be (-3 + 3 + 5)*9. Calculate the greatest common divisor of n and 9.
9
Let w = 33 + -16. Calculate the greatest common factor of 153 and w.
17
Suppose 4*x - 226 - 254 = 0. Suppose z - x = 5*y, 2*z + 2*z + 2*y = 546. Calculate the highest common factor of z and 15.
15
Let p be 16/(-3 - 1) - -18. Suppose 7 = -2*h + 21. What is the highest common factor of p and h?
7
Suppose 31 = 4*j + 191. Let p = -21 - j. Suppose -859 = -5*s - a - 3*a, -5*a - 850 = -5*s. What is the greatest common divisor of p and s?
19
Let q be (-1 - 2 - 0) + 1. Let b = q - -6. Calculate the greatest common factor of b and 1.
1
Let s be (23 + 1)*2/4. Let h(f) = -5*f**3. Let c be h(-1). Let r be (-54)/(-45)*(c - 0). What is the greatest common divisor of s and r?
6
Let l(d) = -d + 39. Let f be l(0). Suppose 8*i = 3*i + 165. Let a = 59 - i. Calculate the highest common divisor of f and a.
13
Let q be 122*3/6 + -1. What is the greatest common divisor of q and 24?
12
Let s = 2 - 0. Suppose s*p + 3*p = 50. What is the greatest common divisor of 30 and p?
10
Suppose 66 - 17 = 4*p + 5*i, -3*p + 2*i = -54. Calculate the highest common divisor of 144 and p.
16
Let c = 87 + -129. Let u = 106 + -192. Let d = c - u. Calculate the highest common divisor of d and 4.
4
Let n = 21 + -7. Suppose 4 = 2*v, 3*w + 2*v - 81 - 91 = 0. Calculate the greatest common factor of w and n.
14
Let p = 16 - -2. Let v be 3432/42 - (18/(-14) + 1). Let s = v - p. Calculate the highest common divisor of 16 and s.
16
Let o be -1*(8/(-1))/(-2). Let s = 20 - o. Calculate the highest common factor of s and 6.
6
Let i be 0 - 6/(24/(-140)). What is the greatest common divisor of 35 and i?
35
Suppose 0 = -w + 5. Suppose -w*o + 4*k + 89 = 0, -3*k = 2*o - 6*k - 37. Calculate the highest common divisor of 51 and o.
17
Let s(b) = b + 9. Let k be s(11). Let z be ((-2 - 6)/2)/((-8)/240). Calculate the greatest common divisor of k and z.
20
Suppose -9*q + 0*q = -252. What is the greatest common divisor of 35 and q?
7
Let u = -74 - -80. Calculate the highest common factor of 9 and u.
3
Suppose -3*d - 8 = 7, -5*w + d = 5. Let x be (-2)/(-4) + (-29)/w. Calculate the greatest common factor of 6 and x.
3
Let v be (-26 - 1)*4/(-3). Let r be ((-6)/4)/1*(-187 - -181). Calculate the highest common divisor of v and r.
9
Let b(w) = w**2 + 4*w - 6. Let f be b(6). Let d be ((-2)/(-3))/(4/f). Let n = -5 + d. Calculate the highest common factor of n and 6.
2
Let o be ((-4)/3)/((-5)/180). Calculate the greatest common divisor of o and 6.
6
Suppose 13*f - 42 = 11*f. Calculate the greatest common divisor of f and 21.
21
Let c = 43 + -33. What is the highest common divisor of 6 and c?
2
Suppose -4*h - 2*r + 3 + 115 = 0, -84 = -2*h + 4*r. Calculate the highest common factor of h and 4.
4
Let l = -82 + 118. What is the highest common divisor of l and 9?
9
Let d be ((-285)/(-6))/((-2)/(-4)). Calculate the highest common factor of 5 and d.
5
Suppose -5*n + s + 156 = -129, -s + 228 = 4*n. Calculate the greatest common factor of 627 and n.
57
Suppose 3*y + 4 - 9 = 4*s, -3*y + 8 = -s. Suppose -y*m = -7 - 5. Let q be (-2)/(-8) + (-6)/(-8). What is the greatest common factor of m and q?
1
Let d(j) = 2*j + 1. Let q be d(-1). Let m be (q - 7)*(-3)/4. Calculate the greatest common divisor of m and 4.
2
Let n(a) = -a**3 + 4*a**2 - 6. Let q be n(3). Suppose 2 = 3*k - v, -q*k - 6*v = -2*v - 22. Calculate the highest common factor of k and 8.
2
Let o be (-11)/33 - 163/(-3). What is the highest common factor of 9 and o?
9
Suppose -3*k = -k - 36. Suppose -b - 1 = 3. Let t(g) = g**3 + 3*g**2 - 7*g - 6. Let q be t(b). Calculate the greatest common factor of q and k.
6
Let r = -60 + 72. Suppose -4*h + 6*h - 264 = 0. What is the greatest common divisor of h and r?
12
Suppose z = 2*u + 3*z - 60, -z - 120 = -4*u. What is the greatest common divisor of u and 12?
6
Let a be (-3 - 705/25)/(1/(-5)). Calculate the highest common divisor of a and 39.
39
Let z = -9 - -11. Suppose -d = -3*d - u + 19, 4*u + 34 = z*d. Let v be (44/(-12))/(2/(-36)). Calculate the greatest common factor of v and d.
11
Let c = 121 - 71. Let x = -25 - -35. Calculate the greatest common factor of c and x.
10
Let t(g) = 5*g**2 - 2*g - 2. Let z be t(2). Let f(v) = v**3 + v**2 + 4*v - 7. Let h be f(-5). Let u = 253 + h. Calculate the highest common factor of u and z.
14
Let s(j) = j**3 - j + 53. Let h = 2 - 2. Let a be s(h). Let n be (a - 0) + (-1 - -2). Calculate the greatest common factor of n and 36.
18
Let r(h) = 0 - 6*h - 4 + 1. Let q be r(-4). What is the greatest common divisor of q and 42?
21
Suppose 6 = 2*l - 8. What is the highest common factor of 1 and l?
1
Suppose -5*g + 43 = 478. Let p = g - -340. What is the highest common divisor of p and 23?
23
Let o be (2 + 0)/((-2)/(-9)). Let r be 7/14*o*2. Suppose -3*w + 16 = -5*x - 27, 20 = -4*x. Calculate the highest common divisor of w and r.
3
Let l(k) = 8*k**2 - 7*k - 10. Let d be l(-2). What is the highest common divisor of 180 and d?
36
Suppose -5*c + s = -4*s - 690, -5*c - s + 708 = 0. Let u = c + -96. What is the greatest common divisor of u and 15?
15
Let d be (-1)/(-3) - 118/(-6). Suppose o + 2*a = -3*o - d, -o - 5*a = -4. Let j = o + 15. Calculate the highest common divisor of j and 36.
9
Let j(h) = 2*h**2 - 18*h + 19. Let a be j(8). Let q(d) = 4*d**3 - 2*d**2 + 3*d - 3. Let g be q(2). What is the highest common divisor of a and g?
3
Let l(h) = -h + 21. Let k be l(9). Calculate the greatest common divisor of k and 96.
12
Suppose -4*k + 3*m + 15 = -14, 0 = -4*k + 5*m + 35. Suppose k*s - 2 = 13. What is the highest common factor of 2 and s?
1
Let r = -13 - -18. Suppose r*t = t + 24. Let w(f) = f**3 - 7*f**2 + 6*f + 8. Let c be w(t). What is the greatest common factor of 40 and c?
8
Let s = -65 - -106. Let v = s + -28. Calculate the highest common divisor of v and 65.
13
Let z be 1/(-3) - (-13)/3. Suppose 0 = -4*j - 8 - z. Let t be (j/(-2))/(3/4). What is the greatest common factor of t and 2?
2
Suppose -5*v = -5*q - 335, 6*v - 3*v - 204 = 4*q. What is the greatest common divisor of 24 and v?
8
Let t be (12/(-9) - -1)*123. Suppose -4*x - 158 = 2*b, -4*b = -3*x + x + 266. Let r = t - b. What is the greatest common divisor of r and 42?
14
Let w(z) = -5*z - 8. Suppose 25 = -5*t, 2*i - 3*i = 3*t + 21. Let o be w(i). Suppose -2*h - 2*h = -352. What is the highest common divisor of o and h?
22
Let c = 40 + -22. Suppose -14*s - 128 = -c*s. Calculate the greatest common factor of s and 4.
4
Let l = 14 + 34. Suppose 16 = s - 3*y, -2*s + 2*y + l = s. What is the greatest common factor of 32 and s?
16
Let s be (-4004)/(-198) - 4/18. Calculate the highest common divisor of 60 and s.
20
Suppose 4*s + 5*a = 198, -4*a = -0*s - 3*s + 164. What is the greatest common divisor of s and 13?
13
Let n be 30/12*(-6)/(-15). Calculate the highest common divisor of n and 7.
1
Let u(l) = -l + 15. Let h be u(7). Suppose -230 = 4*i - 582. Calculate the highest common factor of i and h.
8
Suppose -2*u - t = t - 110, 140 = 3*u - 2*t. Calculate the highest common divisor of u and 125.
25
Let h be 2 + 529/5 - (-1)/5. What is the highest common divisor of h and 24?
12
Let f be (-4)/18 + -5 + 407/9. Suppose 0 = -3*g + 7*g - 32. Let t be ((-8)/2)/((-4)/g). Calculate the highest common factor of f and t.
8
Suppose 3*y = 2*j + 24, -5*y = 2*j + 18 - 58. Calculate the greatest common divisor of y and 16.
8
Let h(m) = m**3 - 4*m**2 - 6*m + 5. Let w be h(5). Suppose w*a - 3*a + 18 = 0. Calculate the greatest common factor of 30 and a.
6
Suppose 5*k - x - 46 = 0, k + 6*x = 3*x + 6. What is the highest common divisor of k and 6?
3
Let s(m) = -m**3 - m + 59. Let c be s(0). Suppose -4*i + 187 = 5*k, 0 = -k - 2*k + 2*i + 99. Let r = c - k. Calculate the greatest common factor of r and 6.
6
Suppose 0 = t + 4*u - 83, -4*t - 2*u + 79 = -3*t. What is